e?
True
Suppose 22 = -z - 196. Let m = z - -429. Is m prime?
True
Let m(u) = -17*u - 5. Let y be m(-2). Let n = y + 36. Is n a composite number?
True
Suppose -r + 0*r = -34. Let x be r - -2 - (-1 - 1). Let v = x - 19. Is v composite?
False
Let a(g) = -32*g - 7. Let x(k) = -63*k - 14. Let q(u) = -7*a(u) + 4*x(u). Is q(-6) a prime number?
False
Suppose 0 = -5*w - 4*b + 57, 9 = 3*w + 3*b - 27. Let i(k) = -k**3 + 10*k**2 - 10*k + 8. Let r be i(w). Is ((-59)/1)/(r - 0) a prime number?
True
Let f(i) = 2*i**3 + 3*i**2 - 4*i + 2. Let l = 16 - 10. Let k be -5 + l - 1*-1. Is f(k) a composite number?
True
Let a(g) = -3*g**3 + 4*g**2 + 6*g + 2. Is a(-5) a prime number?
False
Let t = -1091 + -7. Is 2/5 - t/30 a prime number?
True
Let j(z) be the third derivative of z**6/120 - z**5/60 + 83*z**3/6 + z**2. Is j(0) a prime number?
True
Is 0 + 700 - -9*(-4)/12 a prime number?
False
Suppose 5*b = 4*b + 41. Let v = b + -25. Is v + 5/((-5)/3) composite?
False
Suppose h = -0*h. Suppose 4*l - 184 + 732 = h. Let g = -22 - l. Is g composite?
True
Let t be 2*2/(-4)*-17. Let x = -7 + 3. Is t + (0 + -2 - x) prime?
True
Is 36312/36 + 1/3 prime?
True
Let d(h) = h**2 + 6*h + 10. Suppose -4*i - 3*t - 20 - 23 = 0, -5*t - 25 = 0. Let n be d(i). Suppose -3*s + 8*s + c - 96 = 0, s = 2*c + n. Is s a prime number?
True
Let t(a) = 13*a + 4 - 2*a - 2*a. Suppose 3*j + 6 = 5*j. Is t(j) a composite number?
False
Suppose -856 = -5*q + j + 756, j + 320 = q. Is q a composite number?
True
Suppose 5*g + 5 = 5*w, w - 4*g = -2*g. Let h be (-26)/(-7) + 4/14. Suppose -5*k - w*t + 2512 = 543, h*k = 2*t + 1586. Is k prime?
False
Suppose -3569 = -2*c - 5*n, -3794 - 3414 = -4*c + 4*n. Is c prime?
False
Let h be 0/(-3 - 0) - -2. Let g be ((h/2)/(-1))/(-1). Is (g - -1) + 1 - -66 composite?
True
Suppose 2*o = -4*x + 766, 3*o - 2*x - 2*x = 1099. Is o composite?
False
Let p = -7 + 9. Let d(x) = 22*x**2 - x - 2. Let n be d(p). Suppose n = 4*h - 2*g, 5*h + 2*g + 16 = 130. Is h a composite number?
True
Suppose 2*y - r - 498 = r, 4*y - 2*r = 1000. Is y composite?
False
Let n(z) = 5 + 6*z**2 - 6*z + 0*z + 2*z. Is n(-7) a composite number?
True
Let x = 4 - 4. Let d be 3/(-2)*8/(-3). Suppose -a + 3 + d = x. Is a a composite number?
False
Let r = 3 + -4. Is (r - -31) + 15/5 a composite number?
True
Let a = -2 + 3. Let d = a + 1. Suppose 0 = -5*u - 2*o + 245, -5*o = d*u - 38 - 39. Is u a composite number?
True
Suppose 12 = 2*u - 3*c, -c = -4*u + 2*c + 30. Is u composite?
True
Suppose 5*a - 6*a = -19. Is a a prime number?
True
Let o(r) = 5*r + 9. Let p(f) = 11*f + 18. Let c(g) = 9*o(g) - 4*p(g). Let w be c(-7). Is w/(-5) + 134/10 a prime number?
True
Is -2*(5365/(-10))/1 a prime number?
False
Suppose 12*d = 2994 + 5634. Is d a prime number?
True
Suppose 0 = 5*f - 15, -5*f = l - 2*f. Let w = 11 + l. Is (w - 24)*(-10)/4 a prime number?
False
Suppose 1 = s + o + 8, o - 13 = 4*s. Let c be (4 + 0)*(-5)/s. Suppose 0 = -c*a + 1193 - 258. Is a prime?
False
Let c(h) = -1092*h - 25. Is c(-3) composite?
False
Let h(q) = -2 + 3*q - 2*q + 0*q. Let x be h(2). Let k(m) = -m**2 + 38. Is k(x) prime?
False
Let k = -4 + 1. Let f(r) = 7*r**2 + 4*r + 4. Is f(k) a prime number?
False
Let v(g) = -g**2 + 13*g + 3. Let c be v(7). Suppose a = -h - 4 - 11, 5*h + c = a. Is h*(27/(-6) + -1) a composite number?
True
Let a be 3*(-2 + 218/3). Let v = 297 - a. Is v a prime number?
False
Suppose -5*l - 2 = -6*l. Is (137 - 0/(-2)) + l composite?
False
Let n be (0/2)/((-6)/(-3)). Suppose n*y + 1866 = y. Is (-4)/14 - y/(-14) a prime number?
False
Let b be (-18)/54 + (-392)/(-6). Suppose r - b = 62. Is r a prime number?
True
Let p = 159 + -82. Is p a composite number?
True
Let l(p) = -78*p**2 - p - 1. Let i be l(2). Is i/(-2) - 2/4 prime?
True
Suppose 0 = -4*m - 5*d + 70, -d + 5*d = -5*m + 92. Suppose 0*h + 5*i = -3*h - 20, -m = 4*h + 5*i. Is 1/((-2)/(-98)) + h a prime number?
False
Suppose 3*v - 4*r + 92 = 4*v, -2*r = -3*v + 234. Let m = 115 - v. Is m composite?
True
Let q(x) = 36*x**2 - 3*x + 4. Suppose 2*a + f = -6, -3*f + 0 = -a - 3. Is q(a) a prime number?
True
Suppose 4*d - 2*d + 10 = 0. Is (230/d)/((-2)/3) prime?
False
Let m(y) = 2*y + 9. Suppose -3*v + v + 10 = 0. Is m(v) prime?
True
Let c(g) = g**2 - 6*g + 4. Let l be c(6). Is l/(-10) + (-577)/(-5) prime?
False
Suppose 4*t - 77 = 3*t. Is t composite?
True
Let h(y) = y**2 + 4*y - 5. Let a be h(-5). Suppose -3*m + 15 = -a*m. Suppose -357 = -m*b + j, 2*b = 7*j - 4*j + 148. Is b composite?
False
Let q(o) = 39*o**2 - o + 1. Let y(p) = -118*p**2 + 3*p - 4. Let w(c) = 7*q(c) + 2*y(c). Is w(-1) prime?
True
Let r(q) be the third derivative of 7*q**6/40 - q**5/30 - q**3/3 + 6*q**2. Is r(2) prime?
False
Let b = 1 + -2. Let w be (1 - -1)/(b/52). Let u = -69 - w. Is u a composite number?
True
Suppose -153 = -0*b + 3*b. Let w = b + 134. Is w a composite number?
False
Suppose 0 = 3*l + 4*i - 27, -4*l - 3*i + 22 + 7 = 0. Let t(w) = 2*w**2 - 6*w - 1. Is t(l) a prime number?
True
Is -1 - (-2 - 252 - -2) composite?
False
Let k be 2/(-8) - (-238)/(-8). Let x be k/4*376/10. Let a = 401 + x. Is a composite?
True
Suppose -12 = -5*p + 3*b + 3, 4*b = 0. Let f = 2 + p. Suppose -3*o - w + f*w = -30, -39 = -5*o + 3*w. Is o a composite number?
True
Suppose -4*n = n - 4850. Suppose 175 = -5*t + n. Is t a composite number?
True
Let r = -614 - -1294. Suppose -j + 3*p + r = 0, -j + 3*p - 2705 = -5*j. Is j a prime number?
True
Let a(b) be the first derivative of b**6/120 - b**5/30 + 5*b**4/24 - 2*b**3/3 + 3. Let r(h) be the third derivative of a(h). Is r(4) composite?
False
Let g(s) be the second derivative of s**4/12 + 4*s**3/3 + 2*s. Let y be g(-8). Suppose y = 4*a + 34 - 110. Is a prime?
True
Let l be 9/3 + (83 - -1). Let u = l - 50. Is u a prime number?
True
Let n = 1 - -14. Is n a prime number?
False
Let m be (13 - 1)*(-134)/(-6). Suppose -3*h - 126 = -2*v, -5*v + 2*h = -v - m. Is v prime?
False
Let t(o) = o + 5. Let j(p) = p. Let w be j(-4). Let x be t(w). Suppose 0 = -2*v + 105 + x. Is v a composite number?
False
Let j = -9 - -5. Let u be (-2)/j - (-38)/(-4). Is (-344)/u - 4/18 prime?
False
Let y be (-2 + 1)/((-1)/2). Let j(w) = 15*w + 2. Let d(o) = 14*o + 1. Let f(t) = 3*d(t) - 2*j(t). Is f(y) a prime number?
True
Let x(j) = 3*j**2 - 35*j + 67. Is x(31) a prime number?
False
Let d be (1/(-3))/((-3)/45). Suppose -g + 1440 = -d*g. Let q = 523 + g. Is q prime?
True
Let f(r) = -35*r + 1. Let i be f(-2). Suppose 5*t = 6*t - i. Is t a prime number?
True
Suppose 5*y - 8*y + 24 = 0. Is (114/y)/(3/12) a composite number?
True
Is -33 + 33 - ((-2 - 0) + -2989) prime?
False
Let v(t) = 1028*t - 1. Is v(4) a prime number?
True
Suppose -3*y - 5 = 2*m - 0*y, 5*m = -y + 7. Suppose -m*l + 5*l - 213 = 0. Is l prime?
True
Suppose 25 = -5*c, -29 = -2*f - 3*c + 210. Is f a composite number?
False
Let g(q) = 2771*q + 8. Is g(5) composite?
True
Let i be 2 + -2 - (-6)/(-1). Is 0 + -2*27/i prime?
False
Let x be 6/(-2*(-3 + 2)). Let z(f) = -14*f**2 - 5*f - 4. Let y(i) = 14*i**2 + 4*i + 4. Let n(g) = 4*y(g) + 3*z(g). Is n(x) prime?
False
Let n(q) = -31*q - 7. Is n(-6) a prime number?
True
Suppose 0 = -2*a + 4*a - q - 5721, -5731 = -2*a - q. Is a a prime number?
False
Let j(c) be the third derivative of c**6/120 + c**5/12 - 5*c**4/24 + 5*c**3/6 + 3*c**2. Let o be j(-5). Suppose -3*h + 9 + o = 0. Is h composite?
False
Suppose -2*k - 2241 = 4*g - 547, -3*g - k = 1272. Let f = -256 - g. Is f a prime number?
False
Suppose 3*p = j + 1, 5*p + j + 4*j = 15. Let b(s) = 49*s**2 + 2*s - 1. Let h be b(p). Suppose -4*n + 50 = -h. Is n a composite number?
True
Is 6/18*(1 - -236) a prime number?
True
Suppose -16*m = -5*m - 2453. Is m composite?
False
Let k = -718 - -1017. Is k a prime number?
False
Suppose -5*v - 1165 = -5*x, v + v + 459 = -5*x. Is v/(-3) - 9/27 composite?
True
Suppose -5*j - 5*g + 245 = -0*j, 3*j - 4*g - 147 = 0. Is j prime?
False
Suppose -3 = f, 32 = q - 0*f + f. Is q prime?
False
Let x(j) = 5*j**2 - 3 - 7*j - 4*j**2 + 6*j**2 + 2*j - j**3. Is x(6) a prime number?
True
Suppose 3 = 4*k - 9. Is 280/k + (-1)/3 a composite number?
True
Let y be -7*(3/(-3) + 2). Let n(z) = z + 2. Let o be n(y). Let j(s) = 2*s**2 + 3. Is j(o) prime?
True
Let x = 1 + -5. Is x - -1 - (-3 + -19) a composite number?
False
Let m be (0 - -3)/9*-6. Is ((-302)/(-8))/